tors of z(5)?
2, 3
Suppose 6*l - 38 = 28. What are the prime factors of l?
11
Suppose 3*q = 5*j - q - 28, -j - 3*q - 2 = 0. Suppose 0 = -j*s + 260 + 220. What are the prime factors of s?
2, 3, 5
Let o(b) = -b + 13. Let l be o(8). What are the prime factors of 495/l + (-2)/(-2)?
2, 5
Let x = -2 + -2. List the prime factors of -5*268/(-100) - x/(-10).
13
Suppose -f = -4*f + 15. Suppose -4*x - 10 = -f*a, -4*x + 3*x - 2 = -a. Suppose 5*q + 5*y - 4 + 9 = x, y + 25 = 5*q. List the prime factors of q.
2
Suppose -k = -m - 3, -k + 0*m - 2 = 4*m. Let f(z) = 51*z + 1. What are the prime factors of f(k)?
103
Let h be 5*(48/20)/(-6). List the prime factors of h + (-5 - -3) + 57.
53
Let m = 22 - 13. Let a be (42/m)/((-6)/(-63)). Let x = 114 - a. What are the prime factors of x?
5, 13
List the prime factors of (2876/4 + -7)/((-8)/(-12)).
2, 3, 89
Let s(c) = -c**2 - 10*c - 6. Let j(u) = -u**2 - 6*u + 9. Let t be j(-8). Let d be s(t). Let b(o) = -o**3 + 15*o**2 + o - 12. List the prime factors of b(d).
3
Let q(d) = -d**3 - 2*d**2 + d + 3. Let i be q(-4). Let c = i - 18. What are the prime factors of c + (-7)/((-7)/(-2))?
11
Let v(f) = -2*f + 34. Let l be v(-12). Let r be (-6)/21 - 570/14. Let g = r + l. What are the prime factors of g?
17
Suppose 32 = 5*y - 5*q - 33, -5*q = 5*y - 65. Let i = 124 + y. List the prime factors of i.
137
Suppose 5*y - 67 = -42. Suppose 17*n = y*n + 84. List the prime factors of n.
7
Let t(k) be the third derivative of 11*k**4/24 + 3*k**3/2 + 38*k**2. Let r(x) = 3*x**3 + 2*x**2 - 1. Let u be r(1). What are the prime factors of t(u)?
53
Suppose 0 = -j - q + 607 + 464, 2*q = -4*j + 4282. What are the prime factors of j?
2, 5, 107
Let p = -4 - -8. Let h(a) = -3 + 4 + a + p + 0. What are the prime factors of h(8)?
13
Suppose f + 12 = 4*s, -6*f - 108 = -f + 4*s. What are the prime factors of (-140)/((-5)/4 - 5/f)?
2, 5, 7
Let p(c) = c**2 + 3*c - 11. Let g be p(-6). Suppose -2*n + g = 3. List the prime factors of n.
2
Suppose -5*h + 8*h - 42 = 3*a, -h = -2*a - 16. What are the prime factors of (6/h + (-490)/12)*-3?
11
Suppose 8*s = -8*s + 20976. What are the prime factors of s?
3, 19, 23
Let h be 2/(-9) + 12/54. Suppose h = -s - 2*s + 120. Let j = s - 24. What are the prime factors of j?
2
Let v be (42/8)/(2/8). Let r = v + -14. List the prime factors of r/(21/(-2))*-39.
2, 13
Let h = 47 + -32. List the prime factors of 2/h - 2846/(-30).
5, 19
Suppose 23*t - 37*t + 16842 = 0. List the prime factors of t.
3, 401
Let b = 2172 + 528. List the prime factors of b.
2, 3, 5
Let u(l) = 150*l**2 + 4 - l**3 - 2 - 153*l**2 - 4*l. List the prime factors of u(-4).
2, 17
Let i be 7/1 - 1*-3. Let s(l) = 2*l + 26. What are the prime factors of s(i)?
2, 23
Suppose -6*l + 5*l + 3 = 0. Suppose 0*k - l*k = -6. Suppose -f = k*f - 60. What are the prime factors of f?
2, 5
Let a(q) = 8*q**2 - 8*q - 15. What are the prime factors of a(8)?
433
Suppose 3*m = -3 + 15. Suppose -6 - 38 = -a + i, m*a = -5*i + 212. What are the prime factors of a?
2, 3
Let d be 3 + 2 - (3 + 325 + 7). Suppose -9 = 3*i + 3*r, 5*i - 3*r + 8 + 31 = 0. List the prime factors of (4/i)/(10/d).
2, 11
Let f = 380 + -365. Let c = -5 - -14. What are the prime factors of c/f - (-504)/10?
3, 17
Let b(f) = -183*f**3 + 2*f**2 + 3*f + 2. Let v be ((-4)/8)/(1/2). List the prime factors of b(v).
2, 23
Let u = 2 + 1. Let s(r) = u*r - 10 - 3*r - r - 6*r. List the prime factors of s(-8).
2, 23
Suppose 3*f + 4*b = 531, 2*f = -3*b + 2*b + 359. List the prime factors of f.
181
Suppose 4*n + 113 = 5*d, 2*n + 61 = 3*d + 2. Let l be (11/n)/(2/(-284)). Suppose 0 = -2*o - 4*j + 46, 4*j = -3*o - 0*j + l. What are the prime factors of o?
5
Suppose -16*z = -9*z - 3332. Suppose j = 5*l + 6*j - 600, -4*l + z = 5*j. What are the prime factors of l?
2, 31
List the prime factors of (5967/102)/(2*(-2)/(-144)).
2, 3, 13
Let w = 833 - 462. What are the prime factors of w?
7, 53
Suppose -4*l + 8 = -8. Suppose -p - l*p = -515. What are the prime factors of p?
103
Let c be -28 + (-25)/(-5)*1 + -4. Let m be (4/6)/((-4)/6). Let g = m - c. List the prime factors of g.
2, 13
Suppose 16630 + 3754 = 16*v. List the prime factors of v.
2, 7, 13
Let m(c) = c**2 - 2*c**3 + 8*c**2 + 3 + 4*c**3 - c**3 - 12*c. What are the prime factors of m(-10)?
23
Suppose 7090 = 6*p + 328. List the prime factors of p.
7, 23
List the prime factors of (-53595)/(-90) + (-2)/(-4).
2, 149
What are the prime factors of ((-1)/(-3))/((-60)/(-220500))?
5, 7
Suppose -5*m + 31 = 3*i, 20 = 4*i + m + 7. Suppose 0 = 4*l + l. Suppose 151 = 3*v + r, l = -i*v + 3*r - 6*r + 103. What are the prime factors of v?
2, 5
Let p = -21 - -29. Let c = p - -18. What are the prime factors of c?
2, 13
Let x be (0/(-1))/(-2 + 1). Suppose -95 = -x*v - v. What are the prime factors of v?
5, 19
Let y(s) = 7*s**2 - 8*s + 7. What are the prime factors of y(6)?
211
Let c(h) = 87*h**2 - 13*h + 2. List the prime factors of c(-4).
2, 3, 241
What are the prime factors of (-11)/(-132)*-8 - 23128/(-6)?
2, 41, 47
Suppose w - 3*i = -27 + 67, 3*w - i = 152. Suppose -48*g - 596 = -w*g. List the prime factors of g.
149
Let s be 1/(-8) + (-435)/(-24). Suppose -4*g = -37 - 67. Let a = g - s. What are the prime factors of a?
2
Let y be (((-1096)/10)/1)/(26/(-65)). Let h = y - 129. What are the prime factors of h?
5, 29
Suppose 2*b = -3*f - 225, f = 6*f - 4*b + 375. Suppose 0 = -2*c + 43 + 197. Let j = c + f. What are the prime factors of j?
3, 5
Let y be 2/(6/5)*3. Suppose 5*b - 2*b + 4*g + 940 = 0, 0 = y*b - 4*g + 1556. What are the prime factors of b/16*8/(-6)?
2, 13
Let b = 62 - 34. Suppose 3*i - 6 = k, 2*i + 2*i = -2*k + b. What are the prime factors of (1*k)/(3/2)?
2
Suppose 19*f = 369 + 581. What are the prime factors of f?
2, 5
Let q(t) = 249*t**2 - 130*t - 8. What are the prime factors of q(3)?
19, 97
Let n(u) = u**3 + 6*u**2 + 5*u. Let f be n(-5). Suppose 0 = -4*l - 2*a - 2*a + 12, f = -5*l - a + 23. What are the prime factors of (1 - 2)/(l/(-340))?
2, 17
Suppose -2*y + 1998 = 5*d, -5*d - 7*y = -6*y - 1999. List the prime factors of d.
2, 5
Suppose 5*g - 64 = g. Suppose g*r - 225 = 11*r. List the prime factors of r.
3, 5
What are the prime factors of 4/(12/(-1)) - (-1348)/12?
2, 7
Let w(b) = b**2 + 9*b - 11. Let m be w(-9). Let h be ((-2)/(-8))/(m/(-1628)). Suppose 0 = -4*o - q + 183, -4*o + q + h = -148. What are the prime factors of o?
2, 23
Let c = 4057 + -2348. List the prime factors of c.
1709
Let l = 55 + -45. What are the prime factors of (14 - 9)*286/l?
11, 13
Let g(a) = a**2 + a + 1. Let t(r) = -135*r**2 + 6*r + 18. Let p(j) = 12*g(j) - t(j). List the prime factors of p(1).
3, 7
Let f = -54 - -54. Suppose r - y + 5*y - 144 = 0, f = -4*y + 16. What are the prime factors of r?
2
Suppose 0 = -5*p + v + 20 + 4, 2*p - 4*v = 6. Suppose p*t - 3*h - 299 = 0, 5*t + 5*h - 3*h = 309. What are the prime factors of t?
61
Let u be 2 + 5*(-6)/(-5). Let y(z) = -z + 16. What are the prime factors of y(u)?
2
Let v(r) = 4*r - 11. Let f be v(0). Let k = f + 261. List the prime factors of k.
2, 5
Suppose -4*c = -10*c + 12. Suppose 4*w - 4*v = -3*v + 269, w - c*v - 62 = 0. List the prime factors of w.
2, 17
Let d(m) = 119*m**2 + 5*m + 15. List the prime factors of d(-4).
3, 211
Let b = -86 - -124. Let o = b + -15. What are the prime factors of o?
23
Suppose -4053 = -5*m + 3*o, -2*o - 2431 = 7*m - 10*m. List the prime factors of m.
3, 271
Let q(p) = -147*p + 20. List the prime factors of q(-7).
1049
Suppose 75*j - 67*j = 19888. What are the prime factors of j?
2, 11, 113
List the prime factors of ((-1009)/(-2) - -2) + 45/30.
2, 127
Suppose 0 = 4*g + z - 5984, 49*g + 3*z = 53*g - 6000. List the prime factors of g.
3, 499
Let h(r) = r - 5. Let f be h(10). Suppose -f*i - 20 = -0*i - 5*u, i = 4*u - 7. List the prime factors of -1*(i + 4) - -42.
41
Let u(x) be the third derivative of -x**5/30 + 4*x**4/3 - 8*x**3/3 - 3*x**2 - x. List the prime factors of u(11).
2, 47
Suppose 5*u = 112 - 32. List the prime factors of (204/u)/((-3)/(-12)).
3, 17
Let d(v) = 6*v**2 - 34*v + 28. What are the prime factors of d(14)?
2, 7, 13
Let j = -62 - -47. What are the prime factors of (2/(-5) - (-234)/j)*-18?
2, 3
Let a(r) = 582*r + 62. List the prime factors of a(1).
2, 7, 23
Suppose -344 = -2*v + 4*g, 3*v + 2*g - 484 = -0*v. 